{"id":71,"date":"2022-08-31T05:48:21","date_gmt":"2022-08-31T02:48:21","guid":{"rendered":"https:\/\/www.cilingirsepeti.org\/wp\/blog\/"},"modified":"2024-11-03T04:37:28","modified_gmt":"2024-11-03T01:37:28","slug":"bolgeler","status":"publish","type":"page","link":"https:\/\/www.cilingirsepeti.org\/cilingir\/bolgeler\/","title":{"rendered":"B\u00f6lgeler"},"content":{"rendered":"<ul class=\"wp-block-latest-posts__list wp-block-latest-posts\"><li><a class=\"wp-block-latest-posts__post-title\" href=\"https:\/\/www.cilingirsepeti.org\/cilingir\/osmanaga-acil-cilingir\/\">Osmana\u011fa Acil \u00c7ilingir<\/a><\/li>\n<li><a class=\"wp-block-latest-posts__post-title\" href=\"https:\/\/www.cilingirsepeti.org\/cilingir\/7-24-acil-cilingir-servisi\/\">7\/24 Acil \u00c7ilingir Servisi<\/a><\/li>\n<li><a class=\"wp-block-latest-posts__post-title\" href=\"https:\/\/www.cilingirsepeti.org\/cilingir\/viaportcilingir\/\">Viaport Acil \u00c7ilingir<\/a><\/li>\n<li><a class=\"wp-block-latest-posts__post-title\" href=\"https:\/\/www.cilingirsepeti.org\/cilingir\/kaynarcacilingir\/\">Kaynarca Acil \u00c7ilingir<\/a><\/li>\n<li><a class=\"wp-block-latest-posts__post-title\" href=\"https:\/\/www.cilingirsepeti.org\/cilingir\/kavakpinarcilingir\/\">Kavakp\u0131nar Acil \u00c7ilingir<\/a><\/li>\n<li><a class=\"wp-block-latest-posts__post-title\" href=\"https:\/\/www.cilingirsepeti.org\/cilingir\/esenyalicilingir\/\">Esenyal\u0131 Acil \u00c7ilingir<\/a><\/li>\n<li><a class=\"wp-block-latest-posts__post-title\" href=\"https:\/\/www.cilingirsepeti.org\/cilingir\/kurtkoycilingir\/\">Kurtk\u00f6y Acil \u00c7ilingir<\/a><\/li>\n<li><a class=\"wp-block-latest-posts__post-title\" href=\"https:\/\/www.cilingirsepeti.org\/cilingir\/pendikcilingir\/\">Pendik Acil \u00c7ilingir<\/a><\/li>\n<li><a class=\"wp-block-latest-posts__post-title\" href=\"https:\/\/www.cilingirsepeti.org\/cilingir\/haciosmancilingir\/\">Hac\u0131osman Acil \u00c7ilingir<\/a><\/li>\n<li><a class=\"wp-block-latest-posts__post-title\" href=\"https:\/\/www.cilingirsepeti.org\/cilingir\/darussafakacilingir\/\">Dar\u00fc\u015f\u015fafaka Acil \u00c7ilingir<\/a><\/li>\n<li><a class=\"wp-block-latest-posts__post-title\" href=\"https:\/\/www.cilingirsepeti.org\/cilingir\/sehreminicilingir\/\">\u015eehremini Acil \u00c7ilingir<\/a><\/li>\n<li><a class=\"wp-block-latest-posts__post-title\" href=\"https:\/\/www.cilingirsepeti.org\/cilingir\/sultanahmetcilingir\/\">Sultanahmet Acil \u00c7ilingir<\/a><\/li>\n<li><a class=\"wp-block-latest-posts__post-title\" href=\"https:\/\/www.cilingirsepeti.org\/cilingir\/lalelicilingir\/\">Laleli Acil \u00c7ilingir<\/a><\/li>\n<li><a class=\"wp-block-latest-posts__post-title\" href=\"https:\/\/www.cilingirsepeti.org\/cilingir\/kocamustafapasa-acil-cilingir\/\">Kocamustafapa\u015fa Acil \u00c7ilingir<\/a><\/li>\n<li><a class=\"wp-block-latest-posts__post-title\" href=\"https:\/\/www.cilingirsepeti.org\/cilingir\/findikzadecilingir\/\">F\u0131nd\u0131kzade Acil \u00c7ilingir<\/a><\/li>\n<li><a class=\"wp-block-latest-posts__post-title\" href=\"https:\/\/www.cilingirsepeti.org\/cilingir\/eminonucilingir\/\">Emin\u00f6n\u00fc Acil \u00c7ilingir<\/a><\/li>\n<li><a class=\"wp-block-latest-posts__post-title\" href=\"https:\/\/www.cilingirsepeti.org\/cilingir\/cemberlitascilingir\/\">\u00c7emberlita\u015f Acil \u00c7ilingir<\/a><\/li>\n<li><a class=\"wp-block-latest-posts__post-title\" href=\"https:\/\/www.cilingirsepeti.org\/cilingir\/capacilingir\/\">\u00c7apa Acil \u00c7ilingir<\/a><\/li>\n<li><a class=\"wp-block-latest-posts__post-title\" href=\"https:\/\/www.cilingirsepeti.org\/cilingir\/cerrahpasacilingir\/\">Cerrahpa\u015fa Acil \u00c7ilingir<\/a><\/li>\n<li><a class=\"wp-block-latest-posts__post-title\" href=\"https:\/\/www.cilingirsepeti.org\/cilingir\/beyazitcilingir\/\">Beyaz\u0131t Acil \u00c7ilingir<\/a><\/li>\n<li><a class=\"wp-block-latest-posts__post-title\" href=\"https:\/\/www.cilingirsepeti.org\/cilingir\/balatcilingir\/\">Balat Acil \u00c7ilingir<\/a><\/li>\n<li><a class=\"wp-block-latest-posts__post-title\" href=\"https:\/\/www.cilingirsepeti.org\/cilingir\/resadiyecilingir\/\">Re\u015fadiye Acil \u00c7ilingir<\/a><\/li>\n<li><a class=\"wp-block-latest-posts__post-title\" href=\"https:\/\/www.cilingirsepeti.org\/cilingir\/aydinlarcilingir\/\">Ayd\u0131nlar Acil \u00c7ilingir<\/a><\/li>\n<li><a class=\"wp-block-latest-posts__post-title\" href=\"https:\/\/www.cilingirsepeti.org\/cilingir\/karliktepecilingir\/\">Karl\u0131ktepe Acil \u00c7ilingir<\/a><\/li>\n<li><a class=\"wp-block-latest-posts__post-title\" href=\"https:\/\/www.cilingirsepeti.org\/cilingir\/gumuspinarcilingir\/\">G\u00fcm\u00fc\u015fp\u0131nar Acil \u00c7ilingir<\/a><\/li>\n<li><a class=\"wp-block-latest-posts__post-title\" href=\"https:\/\/www.cilingirsepeti.org\/cilingir\/galatacilingir\/\">Galata Acil \u00c7ilingir<\/a><\/li>\n<li><a class=\"wp-block-latest-posts__post-title\" href=\"https:\/\/www.cilingirsepeti.org\/cilingir\/soguksucilingir\/\">So\u011fuksu Acil \u00c7ilingir<\/a><\/li>\n<li><a class=\"wp-block-latest-posts__post-title\" href=\"https:\/\/www.cilingirsepeti.org\/cilingir\/pasabahcecilingir\/\">Pa\u015fabah\u00e7e Acil \u00c7ilingir<\/a><\/li>\n<li><a class=\"wp-block-latest-posts__post-title\" href=\"https:\/\/www.cilingirsepeti.org\/cilingir\/kavacikcilingir\/\">Kavac\u0131k Acil \u00c7ilingir<\/a><\/li>\n<li><a class=\"wp-block-latest-posts__post-title\" href=\"https:\/\/www.cilingirsepeti.org\/cilingir\/kanlicacilingir\/\">Kanl\u0131ca Acil \u00c7ilingir<\/a><\/li>\n<li><a class=\"wp-block-latest-posts__post-title\" href=\"https:\/\/www.cilingirsepeti.org\/cilingir\/goksucilingir\/\">G\u00f6ksu Acil \u00c7ilingir<\/a><\/li>\n<li><a class=\"wp-block-latest-posts__post-title\" href=\"https:\/\/www.cilingirsepeti.org\/cilingir\/cubuklucilingir\/\">\u00c7ubuklu Acil \u00c7ilingir<\/a><\/li>\n<li><a class=\"wp-block-latest-posts__post-title\" href=\"https:\/\/www.cilingirsepeti.org\/cilingir\/cavusbasicilingir\/\">\u00c7avu\u015fba\u015f\u0131 Acil \u00c7ilingir<\/a><\/li>\n<li><a class=\"wp-block-latest-posts__post-title\" href=\"https:\/\/www.cilingirsepeti.org\/cilingir\/beykozcilingir\/\">Beykoz Acil \u00c7ilingir<\/a><\/li>\n<li><a class=\"wp-block-latest-posts__post-title\" href=\"https:\/\/www.cilingirsepeti.org\/cilingir\/acarkentcilingir\/\">Acarkent Acil \u00c7ilingir<\/a><\/li>\n<li><a class=\"wp-block-latest-posts__post-title\" href=\"https:\/\/www.cilingirsepeti.org\/cilingir\/anadolu-hisari-cilingir\/\">Anadolu Hisar\u0131 Acil \u00c7ilingir<\/a><\/li>\n<li><a class=\"wp-block-latest-posts__post-title\" href=\"https:\/\/www.cilingirsepeti.org\/cilingir\/zeytinburnucilingir\/\">Zeytinburnu Acil \u00c7ilingir<\/a><\/li>\n<li><a class=\"wp-block-latest-posts__post-title\" href=\"https:\/\/www.cilingirsepeti.org\/cilingir\/yesilyurtcilingir\/\">Ye\u015filyurt Acil \u00c7ilingir<\/a><\/li>\n<li><a class=\"wp-block-latest-posts__post-title\" href=\"https:\/\/www.cilingirsepeti.org\/cilingir\/yesilkoycilingir\/\">Ye\u015filk\u00f6y Acil \u00c7ilingir<\/a><\/li>\n<li><a class=\"wp-block-latest-posts__post-title\" href=\"https:\/\/www.cilingirsepeti.org\/cilingir\/yenibosnacilingir\/\">Yenibosna Acil \u00c7ilingir<\/a><\/li>\n<li><a class=\"wp-block-latest-posts__post-title\" href=\"https:\/\/www.cilingirsepeti.org\/cilingir\/yaylacilingir\/\">Yayla Acil \u00c7ilingir<\/a><\/li>\n<li><a class=\"wp-block-latest-posts__post-title\" href=\"https:\/\/www.cilingirsepeti.org\/cilingir\/tozkoparancilingir\/\">Tozkoparan Acil \u00c7ilingir<\/a><\/li>\n<li><a class=\"wp-block-latest-posts__post-title\" href=\"https:\/\/www.cilingirsepeti.org\/cilingir\/sirinevlercilingir\/\">\u015eirinevler Acil \u00c7ilingir<\/a><\/li>\n<li><a class=\"wp-block-latest-posts__post-title\" href=\"https:\/\/www.cilingirsepeti.org\/cilingir\/senlikkoycilingir\/\">\u015eenlikk\u00f6y Acil \u00c7ilingir<\/a><\/li>\n<li><a class=\"wp-block-latest-posts__post-title\" href=\"https:\/\/www.cilingirsepeti.org\/cilingir\/soganlicilingir\/\">So\u011fanl\u0131 Acil \u00c7ilingir<\/a><\/li>\n<li><a class=\"wp-block-latest-posts__post-title\" href=\"https:\/\/www.cilingirsepeti.org\/cilingir\/siyavuspasacilingir\/\">Siyavu\u015fpa\u015fa Acil \u00c7ilingir<\/a><\/li>\n<li><a class=\"wp-block-latest-posts__post-title\" href=\"https:\/\/www.cilingirsepeti.org\/cilingir\/seyitnizamcilingir\/\">Seyitnizam Acil \u00c7ilingir<\/a><\/li>\n<li><a class=\"wp-block-latest-posts__post-title\" href=\"https:\/\/www.cilingirsepeti.org\/cilingir\/osmaniyecilingir\/\">Osmaniye Acil \u00c7ilingir<\/a><\/li>\n<li><a class=\"wp-block-latest-posts__post-title\" href=\"https:\/\/www.cilingirsepeti.org\/cilingir\/merte-acil-cilingir\/\">Merter Acil \u00c7ilingir<\/a><\/li>\n<li><a class=\"wp-block-latest-posts__post-title\" href=\"https:\/\/www.cilingirsepeti.org\/cilingir\/mahmutbeycilingir\/\">Mahmutbey Acil \u00c7ilingir<\/a><\/li>\n<li><a class=\"wp-block-latest-posts__post-title\" href=\"https:\/\/www.cilingirsepeti.org\/cilingir\/kocasinancilingir\/\">Kocasinan Acil \u00c7ilingir<\/a><\/li>\n<li><a class=\"wp-block-latest-posts__post-title\" href=\"https:\/\/www.cilingirsepeti.org\/cilingir\/kartaltepecilingir\/\">Kartaltepe Acil \u00c7ilingir<\/a><\/li>\n<li><a class=\"wp-block-latest-posts__post-title\" href=\"https:\/\/www.cilingirsepeti.org\/cilingir\/istoccilingir\/\">\u0130sto\u00e7 Acil \u00c7ilingir<\/a><\/li>\n<li><a class=\"wp-block-latest-posts__post-title\" href=\"https:\/\/www.cilingirsepeti.org\/cilingir\/incirlicilingir\/\">\u0130ncirli Acil \u00c7ilingir<\/a><\/li>\n<li><a class=\"wp-block-latest-posts__post-title\" href=\"https:\/\/www.cilingirsepeti.org\/cilingir\/haznedarcilingir\/\">Haznedar Acil \u00c7ilingir<\/a><\/li>\n<li><a class=\"wp-block-latest-posts__post-title\" href=\"https:\/\/www.cilingirsepeti.org\/cilingir\/gungorencilingir\/\">G\u00fcng\u00f6ren Acil \u00c7ilingir<\/a><\/li>\n<li><a class=\"wp-block-latest-posts__post-title\" href=\"https:\/\/www.cilingirsepeti.org\/cilingir\/guneslicilingir\/\">G\u00fcne\u015fli Acil \u00c7ilingir<\/a><\/li>\n<li><a class=\"wp-block-latest-posts__post-title\" href=\"https:\/\/www.cilingirsepeti.org\/cilingir\/esenlercilingir\/\">Esenler Acil \u00c7ilingir<\/a><\/li>\n<li><a class=\"wp-block-latest-posts__post-title\" href=\"https:\/\/www.cilingirsepeti.org\/cilingir\/cobancesmecilingir\/\">\u00c7oban\u00e7e\u015fme Acil \u00c7ilingir<\/a><\/li>\n<li><a class=\"wp-block-latest-posts__post-title\" href=\"https:\/\/www.cilingirsepeti.org\/cilingir\/camlikahvecilingir\/\">Caml\u0131kahve Acil \u00c7ilingir<\/a><\/li>\n<li><a class=\"wp-block-latest-posts__post-title\" href=\"https:\/\/www.cilingirsepeti.org\/cilingir\/birlikcilingir\/\">Birlik Acil \u00c7ilingir<\/a><\/li>\n<li><a class=\"wp-block-latest-posts__post-title\" href=\"https:\/\/www.cilingirsepeti.org\/cilingir\/bayrampasacilingir\/\">Bayrampa\u015fa Acil \u00c7ilingir<\/a><\/li>\n<li><a class=\"wp-block-latest-posts__post-title\" href=\"https:\/\/www.cilingirsepeti.org\/cilingir\/bakirkoycilingir\/\">Bak\u0131rk\u00f6y Acil \u00c7ilingir<\/a><\/li>\n<li><a class=\"wp-block-latest-posts__post-title\" href=\"https:\/\/www.cilingirsepeti.org\/cilingir\/bahcelievlercilingir\/\">Bah\u00e7elievler Acil \u00c7ilingir<\/a><\/li>\n<li><a class=\"wp-block-latest-posts__post-title\" href=\"https:\/\/www.cilingirsepeti.org\/cilingir\/atisalanicilingir\/\">At\u0131\u015falan\u0131 Acil \u00c7ilingir<\/a><\/li>\n<li><a class=\"wp-block-latest-posts__post-title\" href=\"https:\/\/www.cilingirsepeti.org\/cilingir\/atakoycilingir\/\">Atak\u00f6y Acil \u00c7ilingir<\/a><\/li>\n<li><a class=\"wp-block-latest-posts__post-title\" href=\"https:\/\/www.cilingirsepeti.org\/cilingir\/altintepsicilingir\/\">Alt\u0131ntepsi Acil \u00c7ilingir<\/a><\/li>\n<li><a class=\"wp-block-latest-posts__post-title\" href=\"https:\/\/www.cilingirsepeti.org\/cilingir\/bagcilarcilingir\/\">Ba\u011fc\u0131lar Acil \u00c7ilingir<\/a><\/li>\n<li><a class=\"wp-block-latest-posts__post-title\" href=\"https:\/\/www.cilingirsepeti.org\/cilingir\/gulensucilingir\/\">G\u00fclensu Acil \u00c7ilingir<\/a><\/li>\n<li><a class=\"wp-block-latest-posts__post-title\" href=\"https:\/\/www.cilingirsepeti.org\/cilingir\/hekimbasicilingir\/\">Hekimba\u015f\u0131 Acil \u00c7ilingir<\/a><\/li>\n<li><a class=\"wp-block-latest-posts__post-title\" href=\"https:\/\/www.cilingirsepeti.org\/cilingir\/ethemefendicilingir\/\">Ethemefendi Acil \u00c7ilingir<\/a><\/li>\n<li><a class=\"wp-block-latest-posts__post-title\" href=\"https:\/\/www.cilingirsepeti.org\/cilingir\/elmalikentcilingir\/\">Elmal\u0131kent Acil \u00c7ilingir<\/a><\/li>\n<li><a class=\"wp-block-latest-posts__post-title\" href=\"https:\/\/www.cilingirsepeti.org\/cilingir\/cemenzarcilingir\/\">\u00c7emenzar Acil \u00c7ilingir<\/a><\/li>\n<li><a class=\"wp-block-latest-posts__post-title\" href=\"https:\/\/www.cilingirsepeti.org\/cilingir\/buyukbakkalkoy-acil-cilingir\/\">B\u00fcy\u00fckbakkalk\u00f6y Acil \u00c7ilingir<\/a><\/li>\n<li><a class=\"wp-block-latest-posts__post-title\" href=\"https:\/\/www.cilingirsepeti.org\/cilingir\/bahariyecilingir\/\">Bahariye Acil \u00c7ilingir<\/a><\/li>\n<li><a class=\"wp-block-latest-posts__post-title\" href=\"https:\/\/www.cilingirsepeti.org\/cilingir\/aysekadincilingir\/\">Ay\u015fekad\u0131n Acil \u00c7ilingir<\/a><\/li>\n<li><a class=\"wp-block-latest-posts__post-title\" href=\"https:\/\/www.cilingirsepeti.org\/cilingir\/altiyolcilingir\/\">Alt\u0131yol Acil \u00c7ilingir<\/a><\/li>\n<li><a class=\"wp-block-latest-posts__post-title\" href=\"https:\/\/www.cilingirsepeti.org\/cilingir\/kazim-karabekir-cilingir\/\">Kaz\u0131m Karabekir Acil \u00c7ilingir<\/a><\/li>\n<li><a class=\"wp-block-latest-posts__post-title\" href=\"https:\/\/www.cilingirsepeti.org\/cilingir\/kucuksucilingir\/\">K\u00fc\u00e7\u00fcksu Acil \u00c7ilingir<\/a><\/li>\n<li><a class=\"wp-block-latest-posts__post-title\" href=\"https:\/\/www.cilingirsepeti.org\/cilingir\/mustafa-kemal-cilingir\/\">Mustafa Kemal Acil \u00c7ilingir<\/a><\/li>\n<li><a class=\"wp-block-latest-posts__post-title\" href=\"https:\/\/www.cilingirsepeti.org\/cilingir\/namik-kemal-cilingir\/\">Nam\u0131k Kemal Acil \u00c7ilingir<\/a><\/li>\n<li><a class=\"wp-block-latest-posts__post-title\" href=\"https:\/\/www.cilingirsepeti.org\/cilingir\/palladiumcilingir\/\">Palladium Acil \u00c7ilingir<\/a><\/li>\n<li><a class=\"wp-block-latest-posts__post-title\" href=\"https:\/\/www.cilingirsepeti.org\/cilingir\/sahinbeycilingir\/\">\u015eahinbey Acil \u00c7ilingir<\/a><\/li>\n<li><a class=\"wp-block-latest-posts__post-title\" href=\"https:\/\/www.cilingirsepeti.org\/cilingir\/senesenevlercilingir\/\">\u015eenesenevler Acil \u00c7ilingir<\/a><\/li>\n<li><a class=\"wp-block-latest-posts__post-title\" href=\"https:\/\/www.cilingirsepeti.org\/cilingir\/tatlisucilingir\/\">Tatl\u0131su Acil \u00c7ilingir<\/a><\/li>\n<li><a class=\"wp-block-latest-posts__post-title\" href=\"https:\/\/www.cilingirsepeti.org\/cilingir\/atakentcilingir\/\">Atakent Acil \u00c7ilingir<\/a><\/li>\n<li><a class=\"wp-block-latest-posts__post-title\" href=\"https:\/\/www.cilingirsepeti.org\/cilingir\/orhantepecilingir\/\">Orhantepe Acil \u00c7ilingir<\/a><\/li>\n<li><a class=\"wp-block-latest-posts__post-title\" href=\"https:\/\/www.cilingirsepeti.org\/cilingir\/selamicesmecilingir\/\">Selami\u00e7e\u015fme Acil \u00c7ilingir<\/a><\/li>\n<li><a class=\"wp-block-latest-posts__post-title\" href=\"https:\/\/www.cilingirsepeti.org\/cilingir\/soganlikcilingir\/\">So\u011fanl\u0131k Acil \u00c7ilingir<\/a><\/li>\n<li><a class=\"wp-block-latest-posts__post-title\" href=\"https:\/\/www.cilingirsepeti.org\/cilingir\/tasdelencilingir\/\">Ta\u015fdelen Acil \u00c7ilingir<\/a><\/li>\n<li><a class=\"wp-block-latest-posts__post-title\" href=\"https:\/\/www.cilingirsepeti.org\/cilingir\/topselvicilingir\/\">Topselvi Acil \u00c7ilingir<\/a><\/li>\n<li><a class=\"wp-block-latest-posts__post-title\" href=\"https:\/\/www.cilingirsepeti.org\/cilingir\/ugurmumcucilingir\/\">U\u011furmumcu Acil \u00c7ilingir<\/a><\/li>\n<li><a class=\"wp-block-latest-posts__post-title\" href=\"https:\/\/www.cilingirsepeti.org\/cilingir\/uzunderecilingir\/\">Uzundere Acil \u00c7ilingir<\/a><\/li>\n<li><a class=\"wp-block-latest-posts__post-title\" href=\"https:\/\/www.cilingirsepeti.org\/cilingir\/yakacikcilingir\/\">Yakac\u0131k Acil \u00c7ilingir<\/a><\/li>\n<li><a class=\"wp-block-latest-posts__post-title\" href=\"https:\/\/www.cilingirsepeti.org\/cilingir\/kurfalicilingir\/\">Kurfal\u0131 Acil \u00c7ilingir<\/a><\/li>\n<li><a class=\"wp-block-latest-posts__post-title\" href=\"https:\/\/www.cilingirsepeti.org\/cilingir\/dragoscilingir\/\">Dragos Acil \u00c7ilingir<\/a><\/li>\n<li><a class=\"wp-block-latest-posts__post-title\" href=\"https:\/\/www.cilingirsepeti.org\/cilingir\/cavusoglucilingir\/\">\u00c7avu\u015fo\u011flu Acil \u00c7ilingir<\/a><\/li>\n<li><a class=\"wp-block-latest-posts__post-title\" href=\"https:\/\/www.cilingirsepeti.org\/cilingir\/atalarcilingir\/\">Atalar Acil \u00c7ilingir<\/a><\/li>\n<li><a class=\"wp-block-latest-posts__post-title\" href=\"https:\/\/www.cilingirsepeti.org\/cilingir\/alemdagcilingir\/\">Alemda\u011f Acil \u00c7ilingir<\/a><\/li>\n<li><a class=\"wp-block-latest-posts__post-title\" href=\"https:\/\/www.cilingirsepeti.org\/cilingir\/zincirlikuyucilingir\/\">Zincirlikuyu Acil \u00c7ilingir<\/a><\/li>\n<\/ul>","protected":false},"excerpt":{"rendered":"","protected":false},"author":1,"featured_media":0,"parent":0,"menu_order":0,"comment_status":"closed","ping_status":"closed","template":"","meta":{"footnotes":""},"class_list":["post-71","page","type-page","status-publish","hentry"],"_links":{"self":[{"href":"https:\/\/www.cilingirsepeti.org\/cilingir\/wp-json\/wp\/v2\/pages\/71","targetHints":{"allow":["GET"]}}],"collection":[{"href":"https:\/\/www.cilingirsepeti.org\/cilingir\/wp-json\/wp\/v2\/pages"}],"about":[{"href":"https:\/\/www.cilingirsepeti.org\/cilingir\/wp-json\/wp\/v2\/types\/page"}],"author":[{"embeddable":true,"href":"https:\/\/www.cilingirsepeti.org\/cilingir\/wp-json\/wp\/v2\/users\/1"}],"replies":[{"embeddable":true,"href":"https:\/\/www.cilingirsepeti.org\/cilingir\/wp-json\/wp\/v2\/comments?post=71"}],"version-history":[{"count":3,"href":"https:\/\/www.cilingirsepeti.org\/cilingir\/wp-json\/wp\/v2\/pages\/71\/revisions"}],"predecessor-version":[{"id":829,"href":"https:\/\/www.cilingirsepeti.org\/cilingir\/wp-json\/wp\/v2\/pages\/71\/revisions\/829"}],"wp:attachment":[{"href":"https:\/\/www.cilingirsepeti.org\/cilingir\/wp-json\/wp\/v2\/media?parent=71"}],"curies":[{"name":"wp","href":"https:\/\/api.w.org\/{rel}","templated":true}]}}